 - 5*g + 6. Calculate n(y).
-19
Let z(k) = -k**3 + 4. Let f be (-1 + (-15)/3)*20/4. Suppose 2*g = -2*g + 120. Let t = g + f. What is z(t)?
4
Let s(t) = -2*t**2 - 2*t + 4. Let k(g) = -g**2 + g. Let p(r) = -3*k(r) + s(r). Suppose 4*c - 100 = -c. Suppose -5*b + 5 = -c. Determine p(b).
4
Let a(l) = -2*l**2 + 6*l + 8 + l**3 - 2*l**2 + l**2 - 5*l**2. Let j be (-75)/(-10) + (0 - 3)/6. Give a(j).
1
Let g(z) = z - 5. Suppose 4*w + 3*t - 8*t = 41, -3*w + 32 = -4*t. Let n be 18/w - (-6 - (-11)/2). Give g(n).
0
Let b = -10 + 18. Suppose w = p + b, -3 = 3*p + 6. Suppose w*n = n - 4. Let j(q) = 6*q. Determine j(n).
-6
Let w(f) = -4*f**2 - f - 1. Let q(m) = 13*m**2 + 4*m + 1. Let y(l) = 2*q(l) + 7*w(l). Calculate y(5).
-50
Let k(t) be the second derivative of -2*t**3/3 - 470*t. Calculate k(5).
-20
Let j(m) = -2*m**2 - 7*m - 5. Let w(k) = -2*k - 2. Let u = 17 - 17. Suppose 3*d = 4*r - 13, u = -r - 3*d - 2*d - 14. Let c be w(r). Calculate j(c).
-9
Let b(x) = -x**3 + 6*x**2 - 7*x + 2. Let f(h) = -7*h - 72. Let k be f(-11). Determine b(k).
-8
Let y = -1775 - -1770. Let u(g) = g**3 + 3*g**2 - 6*g - 7. Determine u(y).
-27
Let h(o) = 4*o**3 + 7*o + 6. Let w(d) = -9*d**3 - 88*d + 2 - 15 + 73*d. Let p(v) = 13*h(v) + 6*w(v). Give p(1).
-1
Let m(n) = -7*n - 12. Let a(p) = 18*p + 24. Let g(z) = 2*a(z) + 5*m(z). What is g(4)?
-8
Let k(y) = -7*y - 5. Let q(w) = 19*w + 15. Let r(f) = 11*k(f) + 4*q(f). Determine r(5).
0
Let b(f) = -6*f**3 + 12*f**2 + f - 7. Let i(g) = -11*g**3 + 22*g**2 + 3*g - 12. Let o(p) = 9*b(p) - 5*i(p). Determine o(3).
-12
Let m = -347 + 349. Let o(v) be the first derivative of 2*v + 1/2*v**2 - m. What is o(0)?
2
Let u(p) = 13*p - 11*p + 0*p**2 + p**2 + 4 - 4*p + p**2. Calculate u(0).
4
Let l(y) = 39*y + 237. Let m(v) = -16*v - 96. Let h(r) = 5*l(r) + 12*m(r). Calculate h(-9).
6
Let j = 2311 + -2289. Let x(z) = -z**3 + 23*z**2 - 24*z + 42. What is x(j)?
-2
Let h(x) = x**3 - 31*x**2 + 105*x + 74. Let m be h(27). Let v(q) = 0*q - 4*q + 5 - q**2 - 4. Determine v(m).
-20
Let b(u) = u. Suppose -z + 24 = 3*z. Suppose -z*l + 2*l = 3*d - 16, -4*d + 5*l + 42 = 0. Determine b(d).
8
Let z be (-278)/973 - 12/7. Let o(s) = -s**2 - 8*s - 15. What is o(z)?
-3
Let b(s) = s**2 - 4*s - 11. Suppose -5*t + 20 = 2*w - t, 0 = -2*t + 4. What is b(w)?
1
Let s(f) be the third derivative of -f**5/15 - f**4/8 - f**3/6 - 12*f**2 + 3*f. Suppose -1 - 1 = i. What is s(i)?
-11
Let t(p) = -3*p**2 + 2*p**2 - 5 - 7*p + 2*p**2. Suppose -14 = -6*h + 34. Calculate t(h).
3
Suppose -30 = -5*w + 5*j, -12 = -4*w - 0*j - 2*j. Let a(d) = w*d - 3*d + 3 - 119*d**3 + 118*d**3 - 3*d**2. What is a(-3)?
0
Suppose -2*x = -3 - 3. Let o(p) = 0 + 7*p**3 + 1 - 6*p + 6*p**2 - 8*p**x. Let t = -1334 + 1339. What is o(t)?
-4
Let n = 6 + -2. Let p(o) = -2 - 983*o**2 - 6*o + 481*o**2 - o**3 + 3 + 508*o**2. Give p(n).
9
Let r(m) = 3*m + 465 - 465. What is r(3)?
9
Let t(p) be the second derivative of -1/2*p**3 + 0 - 2*p - p**2. Let y be t(-2). Let a(k) = k - 7. Calculate a(y).
-3
Let n = -52 + 60. Suppose -5*v - 2 = -0*k - k, 4*k - v - n = 0. Let d(b) = b**3 - 2*b**2 + 4*b - 2. Calculate d(k).
6
Let f(k) = -2*k**3 + 4*k**2 - k - 1. Let n(s) = 8*s**2 - 6 + 0*s + 8*s**2 - 4*s + 1 - 8*s**3. Let t(r) = -9*f(r) + 2*n(r). Determine t(3).
20
Let y(g) = -g**3 - g**2 + 2*g + 6. Let t(u) = -55*u - 443. Let m be t(-8). Determine y(m).
18
Let y = 8 + -2. Let j(n) = -15*n - 65. Let h(x) = -8*x - 36. Let q(s) = 11*h(s) - 6*j(s). Give q(y).
6
Let y(r) be the third derivative of -r**6/120 - r**5/5 - 11*r**4/24 - 8*r**2 + 6*r. Determine y(-11).
0
Let m(t) = t**3 - 2*t**2 - 3*t - 1. Suppose r = 4*r + 9. Let g(n) = n**2 + n - 3. Let i be g(r). Give m(i).
-1
Let o(t) = -t**2 - 6*t + 6. Let m(r) = -r**2 - r - 2. Let p(u) = 5*m(u) - o(u). Let f(c) be the first derivative of p(c). Determine f(-1).
9
Suppose 0 = -0*n + n. Suppose s + 3 - 6 = n. Suppose -s*f - f + 13 = -3*l, -2*l - 5 = f. Let t(p) = -16*p - 1. Determine t(f).
-17
Let g = -1 - 0. Let r(s) = -s + 1. Suppose 0*q - 2 = 2*q. Let w(k) = -8*k**2 - 1. Let i(h) = q*w(h) - r(h). Calculate i(g).
7
Let m(p) be the third derivative of -p**5/60 + 11*p**4/24 + p**3/2 + 177*p**2. Give m(12).
-9
Let g(i) = i**2 + 3*i - 8. Let y be -5*(0 - 0 - (-3 - -2)). Let z be g(y). Let k(p) = -p**3 + p**2 - 2*p - 1. Give k(z).
-9
Let d(l) = -l**2 + 2*l + 78. Let v be d(-8). Let a(o) be the first derivative of 1/2*o**2 + 2 + 4/3*o**3 - o. What is a(v)?
13
Let p(k) = -3*k**2 + 15*k + 2. Let l be p(5). Let m(d) be the second derivative of -d**l - 5*d + 1/6*d**3 + 0 - 1/20*d**5 + 1/6*d**4. Determine m(2).
0
Let z(h) = 3*h - 1. Suppose -5*m = -4*m + m. Suppose -3*b - 14 + 26 = m. What is z(b)?
11
Suppose 0 = o - 4 + 3. Let n(f) be the third derivative of 0*f + 3*f**2 + 1/6*f**3 + 0 + 1/24*f**4. Determine n(o).
2
Let o(i) = i**3 - i**2 + 5*i + 2. Let y be (-5)/20*3 - 3/(-4). Let p be o(y). Let k(d) = -d**3 + d**2 + 2*d - 3. Give k(p).
-3
Let z(g) = g**3 - 3*g - 2. Let a(d) = 3*d**3 - 2*d**2 - 2*d. Let i(p) = 7*p**3 - 5*p**2 - 4*p + 1. Let m(t) = 5*a(t) - 2*i(t). Let o be m(0). Give z(o).
-4
Let b(g) = -g - 1. Let n(r) = -12*r - 11. Let a(d) = -22*b(d) + 2*n(d). Let f = 168 + -167. Determine a(f).
-2
Let w(l) = -1 - 494*l + 493*l + 5 - 3. Give w(5).
-4
Let f(w) = w**3 + 49*w**2 + 543*w - 35. Let u be f(-32). Let h(r) = -r**2 - 5*r - 2. Give h(u).
4
Let u(i) = -i**2 + i - 5. Suppose -3*s = -3*z + 5*z + 15, -2*z + 3*s = -15. What is u(z)?
-5
Suppose m = -3*j + 2 - 6, 5*m + 8 = -3*j. Let l(o) = 3*o + 3. Give l(m).
0
Let c(m) = -m**2 + 8*m - 5. Let i(u) = 5*u**2 + 11*u - 109. Let r be i(-6). Calculate c(r).
10
Let g = 38 + -20. Let t = 17 - g. Let a(c) = -4*c**3 - 2*c**2 - 2*c - 1. Let i be a(t). Let h(m) = m**3 - 3*m**2 + 2*m + 1. What is h(i)?
7
Let l(r) = -2*r - 20. Suppose 12*w + 90 = -3*w. Calculate l(w).
-8
Let r(z) = 2*z**3 + 44*z**2 + 42*z - 14. Let l be r(-21). Let s(d) = -d + 5. Give s(l).
19
Let u be (-4 - (-60)/10)*3/2. Let j(g) = 5*g - 12. Give j(u).
3
Let c be -1 + ((-2)/(-2) - 1) + -4. Let j(b) = 7 - 79*b**3 + 44*b**3 + 4*b**2 + 36*b**3. Give j(c).
-18
Suppose 41 = 2*u + 27. Let b(w) be the first derivative of w + 1/2*w**2 + 1. Determine b(u).
8
Let j(o) = 8*o**3. Suppose 2*a + 2*u + 2*u + 18 = 0, -2*a - u - 6 = 0. Determine j(a).
-8
Let q(l) = -l**2 - 11*l - 7. Suppose -3*j - 58 = 3*z - 13, -20 = 5*j. Give q(z).
-7
Let x(c) be the second derivative of -7*c**3/6 - 15*c**2 - 21*c - 8. What is x(-5)?
5
Let l(b) = -b + 3. Suppose 2*r = 3*r. Let s be r/(-2 + -2 + 5). Suppose s*h + 4*h - 4 = 2*n, n - 3*h = -5. Give l(n).
-1
Let c(o) = -o**3 + 3. Let g be c(0). Suppose -g*y = -4*y + 11. Let d(w) = w**3 - 10*w**2 - 10*w - 16. What is d(y)?
-5
Let u(s) = -2*s**3 - 10*s**2 - 10*s - 2. Suppose 2*y + 11 = 3*x, 0 = -y - 2*x + 7*x - 9. Determine u(y).
6
Let i(m) = -2*m**2 - 5*m + 19. Let a be i(-8). Let c = a - -63. Let j(o) = -o**2 - 4*o - 2. Give j(c).
-14
Let z(w) = -22*w**3 - 2*w**2 + 2*w - 1. Let s be (-9 - 102/(-10)) + (-1)/5. Give z(s).
-23
Let r(h) = -h - 15. Let t(g) = g - 13. Let x be t(12). Let v = x + -7. Calculate r(v).
-7
Let a be (30/(-12) + -8)*2/3. Let b(j) = j**2 + 9*j + 6. Determine b(a).
-8
Let r(i) = i**2 + 7*i + 5. Suppose -22 = 6*w + 2. Give r(w).
-7
Let o(i) = -7*i**3 - 8*i**2 - 7*i - 31. Let t(g) = 3*g**3 + 3*g**2 + 3*g + 15. Let n(z) = -2*o(z) - 5*t(z). Calculate n(0).
-13
Let o(d) = -7*d + 18. Let g(y) = 13*y - 34. Let f(b) = -4*g(b) - 7*o(b). Calculate f(5).
-5
Let n be 120/42*(-266)/(-95). Let b(y) be the third derivative of -y**4/24 + y**3/2 + y**2. What is b(n)?
-5
Let z(d) = -21*d - 19. Let o be z(-1). Let v(k) be the second derivative of k**4/12 + k**2 - k. What is v(o)?
6
Let k be (-224)/(-21) - 6/(-18). Let w(u) = -2*u**2 + 23*u - 9. Determine w(k).
2
Let r(k) = k**2 - 3. Let x = 110 + -101. Suppose -4*c - p - x = -5, p = -3*c - 4. Calculate r(c).
-3
Let k be (7 - -2)*5*(-4)/(-6). Let g = k - 36. Let j(s) = -s**2 - 3 - 2 + 3*s - 12*s. Determine j(g).
13
Suppose -3*l + 0 = -63. Let s = 16 - l. Let v(u) = u**2 + 6*u - 3. Let t(p) = 1. Let w(f) = -2*t(f) - v(f). Give w(s).
6
Let g = 14 + -10. Suppose 2*k + 2 = g*k. Let f(n) = -82 - 12*n + 42 + 41. What is f(k)?
-11
Let m(f) = -f**3 + 4*f**2 - f - 3. Let h(c) = 9*c - 1. Let y be h(2). Let j = y + -14. Give m(j).
3
Let w(z) 